) to base 5.
-341341
What is 3110243 (base 5) in base 10?
50698
4562 (base 9) to base 5
102002
248d (base 14) to base 7
24436
Convert e36 (base 15) to base 7.
12222
-22 (base 12) to base 16
-1a
What is 12111112 (base 4) in base 5?
1312232
222322 (base 4) to base 8
5272
Convert 111 (base 9) to base 15.
61
Convert 11010100101010 (base 2) to base 5.
413420
What is -143214 (base 5) in base 15?
-1bde
Convert 132230 (base 5) to base 15.
1895
Convert -132475 (base 8) to base 7.
-252161
What is 5592 (base 10) in base 15?
19cc
22151 (base 7) to base 12
3285
Convert -8913 (base 13) to base 8.
-45251
Convert 14560 (base 8) to base 10.
6512
What is -367 (base 12) in base 7?
-1330
Convert 1110101110100 (base 2) to base 7.
30661
100201 (base 3) to base 14
14a
What is -22c7 (base 14) in base 13?
-29aa
What is -1237 (base 12) in base 13?
-c25
Convert -1111 (base 7) to base 11.
-334
What is 1201210200 (base 3) in base 10?
34119
What is 4263 (base 13) in base 2?
10001111110111
68042 (base 10) to base 5
4134132
Convert -1231211 (base 4) to base 3.
-100121202
125644 (base 7) to base 12
1182a
Convert c5a (base 13) to base 8.
4067
2424 (base 5) to base 16
16c
Convert 11001100111010 (base 2) to base 12.
770a
-82 (base 9) to base 5
-244
Convert 120122110 (base 3) to base 13.
5265
Convert -1081 (base 15) to base 4.
-312220
41693 (base 10) to base 4
22023131
-2810 (base 16) to base 11
-7784
What is -6687 (base 13) in base 16?
-37e3
What is 83271 (base 9) in base 7?
316030
Convert 202 (base 3) to base 15.
15
What is -1021121211 (base 3) in base 13?
-b647
Convert -5413 (base 6) to base 13.
-73b
-350 (base 15) to base 14
-3b8
Convert -4608 (base 11) to base 6.
-44014
Convert -33301 (base 5) to base 2.
-100100010110
Convert -5b3 (base 15) to base 4.
-110031
Convert -1443 (base 11) to base 5.
-24422
-15d4 (base 15) to base 3
-20110001
What is 9755 (base 11) in base 7?
52366
What is -23282 (base 11) in base 6?
-415331
-6a29 (base 16) to base 14
-9c93
-2488 (base 10) to base 5
-34423
What is e68 (base 16) in base 9?
5047
What is -110011110 (base 2) in base 5?
-3124
What is 3c4 (base 13) in base 3?
220201
-1290 (base 12) to base 9
-2820
-1651 (base 8) to base 10
-937
1311 (base 5) to base 2
11001110
Convert -25733 (base 11) to base 10.
-36820
Convert 10001001011001000 (base 2) to base 14.
1b8c8
What is -111010011001 (base 2) in base 3?
-12010102
Convert -482 (base 11) to base 12.
-3ba
Convert -1402204 (base 5) to base 7.
-145612
What is 23622 (base 8) in base 6?
114522
-563 (base 15) to base 11
-a08
Convert -1021003 (base 4) to base 16.
-1243
Convert -844 (base 9) to base 13.
-40c
-164301 (base 7) to base 11
-22658
Convert -3b86 (base 13) to base 4.
-2011300
What is 20124 (base 5) in base 4?
110021
-13263 (base 11) to base 8
-45001
Convert 1100111101 (base 2) to base 13.
4ba
-23c79 (base 13) to base 14
-19dcd
Convert 1100101100 (base 2) to base 6.
3432
What is 9a1 (base 13) in base 8?
3164
32120 (base 5) to base 12
1300
1523 (base 8) to base 13
506
What is -715 (base 11) in base 15?
-3c8
What is -11010010001011 (base 2) in base 15?
-3ebb
Convert 30341 (base 7) to base 4.
1303103
Convert 988 (base 10) to base 3.
1100121
What is 11b5 (base 16) in base 15?
1523
50703 (base 9) to base 12
17393
Convert -3645 (base 8) to base 2.
-11110100101
Convert 3393 (base 10) to base 9.
4580
What is -cdd (base 15) in base 12?
-1824
What is 1130 (base 12) in base 6?
12500
Convert 5e5 (base 15) to base 10.
1340
What is -101001022 (base 3) in base 6?
-53525
1053 (base 7) to base 10
381
-802 (base 9) to base 12
-462
Convert -3be (base 15) to base 6.
-3542
What is 52640 (base 8) in base 6?
245252
What is 511 (base 10) in base 12?
367
-4000 (base 6) to base 10
-864
What is 3331 (base 5) in base 6?
2054
311323 (base 4) to base 13
1756
What is 23475 (base 8) in base 10?
10045
What is -10421 (base 7) in base 16?
-a34
Convert 1d (base 16) to base 13.
23
-5151 (base 7) to base 5
-24200
What is -21cb (base 16) in base 5?
-234101
What is -901 (base 16) in base 14?
-ba9
Convert -11010010101 (base 2) to base 8.
-3225
4a42 (base 12) to base 5
232102
What is -100210022 (base 3) in base 8?
-15740
What is -17427 (base 8) in base 7?
-32130
What is 3030 (base 5) in base 16?
186
Convert -53a7 (base 12) to base 14.
-34d1
What is -115336 (base 7) in base 9?
-31841
Convert -77c (base 15) to base 3.
-2022200
Convert 10322333 (base 4) to base 7.
112526
-40130 (base 8) to base 4
-10001120
-63313 (base 7) to base 5
-444332
1232023 (base 4) to base 6
52351
What is -32162 (base 7) in base 6?
-100542
2776 (base 13) to base 8
13052
5184 (base 9) to base 15
11d7
What is -17632 (base 9) in base 2?
-10111110010011
Convert 100000110100011 (base 2) to base 4.
10012203
What is 3cb7 (base 14) in base 8?
24771
What is 1011111100 (base 2) in base 7?
2141
311023 (base 4) to base 7
12631
-111100010100 (base 2) to base 9
-5258
-10111010001111 (base 2) to base 15
-37e9
-110000001000 (base 2) to base 9
-4202
522 (base 7) to base 11
218
-655a (base 11) to base 4
-2013100
What is 79 (base 13) in base 3?
10201
Convert -211001 (base 3) to base 4.
-21103
What is c17 (base 14) in base 7?
6630
-41441 (base 5) to base 10
-2746
Convert -33121 (base 4) to base 2.
-1111011001
124213 (base 5) to base 7
20245
Convert 2441 (base 10) to base 7.
10055
1540 (base 7) to base 16
268
What is -134320 (base 6) in base 11?
-9559
100100 (base 3) to base 4
3330
Convert -5874 (base 12) to base 16.
-2698
192a2 (base 11) to base 10
26974
Convert -10101010000 (base 2) to base 16.
-550
Convert -a24 (base 12) to base 7.
-4165
What is -350 (base 7) in base 10?
-182
168 (base 9) to base 5
1033
Convert 1c71c (base 14) to base 16.
11c26
57c (base 13) to base 11
792
10222020 (base 4) to base 2
100101010001000
Convert 24280 (base 9) to base 5.
1010042
Convert 16606 (base 11) to base 6.
300051
What is -10001010010001 (base 2) in base 9?
-13122
1cb (base 13) to base 10
336
-30 (base 8) to base 16
-18
5915 (base 14) to base 13
7097
Convert -1235 (base 8) to base 9.
-823
What is 32 (base 5) in base 3?
122
Convert 31112 (base 4) to base 9.
1148
What is -11021012 (base 3) in base 5?
-44420
What is 4076 (base 15) in base 6?
143003
11241 (base 7) to base 4
230313
Convert -10369 (base 12) to base 11.
-14a68
-223234 (base 5) to base 14
-2c76
Convert 4a8 (base 14) to base 16.
3a4
11321 (base 5) to base 4
31010
Convert 188a (base 12) to base 10.
2986
42250 (base 7) to base 16
28b7
Convert -24525 (base 8) to base 12.
-6159
-1482 (base 15) to base 7
-15551
What is -21111 (base 4) in base 15?
-29c
Convert 2142 (base 11) to base 15.
c89
What is -148 (base 11) in base 8?
-255
Convert -5332 (base 7) to base 2.
-11101011101
7687 (base 9) to base 6
42124
604 (base 12) to base 11
71a
-228 (base 13) to base 9
-453
101010000111000 (base 2) to base 11
15220
Convert 1001000011 (base 2) to base 15.
289
What is -236 (base 9) in base 14?
-dd
6ba (base 15) to base 13
904
-11134 (base 7) to base 11
-2132
What is -21 (base 13) in base 11?
-25
Convert 1790 (base 12) to base 7.
11202
Convert -d3ab (base 16) to base 12.
-27437
-22b (base 12) to base 15
-168
Convert -336 (base 10) to base 15.
-176
What is 1243121 (base 5) in base 14?
9066
35446 (base 7) to base 14
3496
-10100111101 (base 2) to base 12
-939
-2230 (base 5) to base 4
-10323
Convert -14572 (base 9) to base 15.
-2e32
Convert 1020021 (base 3) to base 4.
32002
-52521 (base 6) to base 2
-1101111000001
Convert -1586 (base 11) to base 12.
-1212
What is -2202 (base 9) in base 15?
-732
Convert 17d0 (base 16) to base 15.
1c16
-197 (base 12) to base 6
-1111
What is 1120 (base 4) in base 14?
64
-133444 (base 6) to base 15
-3a74
Convert -c1 (base 14) to base 11.
-144
788 (base 15) to base 14
899
What is 1045551 (base 6) in base 14?
15511
132320 (base 4) to base 9
2635
Convert 2451 (base 8) to base 12.
921
What is 4b43 (base 15) in base 9?
24000
Convert 120a (base 12) to base 10.
2026
27 (base 15) to base 13
2b
10000022 (base 3) to base 14
b2b
Convert 319 (base 13) to base 9.
647
What is 174a (base 12) in base 11?
2110
3f5b (base 16) to base 11
11205
Convert 2d53 (base 16) to base 7.
45554
Convert -234 (base 5) to base 8.
-105
-1303 (base 8) to base 16
-2c3
What is -11031 (base 4) in base 10?
-333
What is -6471 (base 11) in base 7?
-33631
What is -3931 (ba